st the prime factors of s.
89
Let n(t) = -t**3 - 3*t**2 - t + 1. Let l be n(-2). Let p be (l - (-13 + 0)) + -2. What are the prime factors of p/(-40) + (-26)/(-8)?
3
What are the prime factors of 1/3 + -16*5877/(-108)?
13, 67
Let c = -31 + 33. Suppose 3*b = -5*a + 98, -a = c*b - 14 - 7. What are the prime factors of a?
19
Let g(d) = -118*d + 485. What are the prime factors of g(-8)?
1429
What are the prime factors of 100*((-98)/6)/(2/(-6))?
2, 5, 7
Let r be (-4 + 3)*4 - -9. Suppose 8 + 2 = r*j. Suppose j*f - 45 - 11 = 0. What are the prime factors of f?
2, 7
Suppose 2*c - 3 = 1. Let m(i) = 5*i**2 + 1 - 10*i**2 + c*i + 10*i**2. What are the prime factors of m(-1)?
2
Let u(l) = -4*l**2 - 8*l + 6. Let t be u(-5). Let k = 176 + t. What are the prime factors of k?
2, 61
Let p be 169/(-7) - 1/(-7). Let t = p + 32. List the prime factors of t.
2
Suppose -13*s = 10046 + 1784. List the prime factors of (s/56)/((-1)/8).
2, 5, 13
Suppose l + 16 = -3*b, 0 - 4 = b. What are the prime factors of (-1)/l + 664/32?
3, 7
Suppose 4*b - 4*z = 8, -5*b - 5*z = 5 - 55. Let q be (-8)/(-80)*5*58. Suppose 5*t = q + b. What are the prime factors of t?
7
Let w = 19 - -410. List the prime factors of w.
3, 11, 13
Suppose -251 = -t - 2*y, 5*t - 4*y + 5*y = 1282. List the prime factors of t.
257
Let p(o) = -10*o**3 + 10*o**2 + 32*o + 119. What are the prime factors of p(-7)?
5, 7, 109
Suppose -2*g = 2*v + 2*v - 10, 5*v + 2*g - 11 = 0. Suppose 2*k - v = 3, 3*f + 2*k = 19. List the prime factors of f.
5
Let l(d) = 5 - d**3 - 6*d + 9*d**2 - 2*d - 2*d + d. Let m be l(6). Let k = m - 36. What are the prime factors of k?
23
Suppose -j + 6 = 1. Suppose -j*n + 24 = -21. What are the prime factors of n?
3
Let y(j) = j**3 + 4*j**2 - j + 1. Let a be -1 - (4 + 2)/3. List the prime factors of y(a).
13
Suppose -5*v + 7 = -13. Suppose h + v*h = 15. Suppose -2*m + 34 = o + 9, h*o - 2*m = 35. List the prime factors of o.
3, 5
Suppose 0 = -2*r + 8 + 2. List the prime factors of (10/r + -1)*113.
113
Suppose 17670 = 39*u + 2694. What are the prime factors of u?
2, 3
What are the prime factors of -1 + 6 - 8 - (-1958 - 1)?
2, 3, 163
Suppose -3*w = 2*n + 4, -5*w - 8 = 3*n - n. List the prime factors of w/11 + 5/55*1531.
139
Suppose 0 = -2*p - 2*t + 768, -4*p + 16*t = 14*t - 1566. List the prime factors of p.
389
Suppose q + 15*q - 64 = 0. Suppose -3*t + 727 = q*g, 0 = -t - 5*g + 52 + 205. List the prime factors of t.
3, 79
Suppose 0 = -4*u + 6 - 2. Let i(k) = 4*k - u - 4*k + 2*k + 3*k**2 + k. What are the prime factors of i(-3)?
17
Suppose -16*p + 3*p + 39 = 0. What are the prime factors of (-27 - 1)*p/(-6)?
2, 7
Suppose 0 = r - 6 - 0. What are the prime factors of 3*1 - (-12 - r)?
3, 7
What are the prime factors of 2/(-18) + ((-8352)/(-81) - 6)?
97
Let c be 2/(-4) + 16/32. Suppose -2*t + 0*t + 92 = c. What are the prime factors of t?
2, 23
Let s be -3*(0 - 15/9). Suppose -2*f + 5*w - 6 = 0, -3*f + 15 - 1 = 4*w. Suppose -3*n + s*z = 8, f*z - 16 = -n - z. List the prime factors of n.
2
Suppose 8 = j - 3*j. Let v(q) be the second derivative of -q**5/20 - q**4/4 + q**3/6 + 3*q**2/2 - 113*q. What are the prime factors of v(j)?
3, 5
Let g(o) = 3*o**2 + 7*o + 4. Let p be g(-4). Let t be (p/(-2))/((-1)/3). Suppose -3*l + 39 = -t. What are the prime factors of l?
5
Suppose 2*z + 262 = n, 6*z = 2*n + 8*z - 548. What are the prime factors of n?
2, 3, 5
Let n be (-22)/6 - -3 - (-44)/12. Let d(g) = 0*g**2 + 2*g**2 + 8 + 2*g - 4. What are the prime factors of d(n)?
2, 7
Let y(k) be the second derivative of -k**5/20 + 2*k**4/3 + 7*k**3/6 + 17*k**2/2 - 7*k. List the prime factors of y(8).
73
Suppose 65 = 5*p - 1640. List the prime factors of p.
11, 31
Suppose -5*b + 1108 + 382 = 0. Let h = b + -67. Suppose 0 = 3*j - 0*j - h. List the prime factors of j.
7, 11
Let v(i) = -9*i + 4. Let b be v(-11). Let w = b + 0. What are the prime factors of w?
103
Let u = 519 - -178. What are the prime factors of u?
17, 41
Let k(o) = -36*o - 2 - 36*o + 2*o**2 + 76*o. What are the prime factors of k(-6)?
2, 23
Let m(p) = 2*p**3 + 95*p**2 + 136*p + 56. List the prime factors of m(-45).
31, 131
Suppose k = 4*k + 12, 0 = 2*a - k - 8. Suppose m - t = 3, m + a*t - t + 1 = 0. Suppose -2*j = 4*x, m = 3*j + 13. What are the prime factors of x?
2
Suppose 0 = 2*g - 2. Let c be (10/7)/(g/7). Let t = c - -12. List the prime factors of t.
2, 11
Suppose 0 = -2*v + 4*v. Suppose -2*u + 0*u = v. Suppose -4*r - p + 103 = u, -5*p + 76 = 2*r + 11. List the prime factors of r.
5
Let o(i) = -6*i**3 - 2*i**2 + 4*i + 3. What are the prime factors of o(-4)?
3, 113
Let o = 13 + 81. Suppose 0 = -2*x - 34 - o. Let s = x + 92. What are the prime factors of s?
2, 7
Let z(m) = -m + 2*m - 4*m - 5*m. What are the prime factors of z(-6)?
2, 3
Suppose 0 = 26*z - 164168 + 30086. What are the prime factors of z?
3, 191
What are the prime factors of -13*(-8)/(-8) + 4297?
2, 3, 7, 17
Let n = 10 - -195. Let a = 431 - n. List the prime factors of a.
2, 113
Let c = -490 - -949. What are the prime factors of c?
3, 17
Let c be (2 - 854/(-8)) + (-3)/(-12). Let y = -56 + c. List the prime factors of y.
53
Let i be 10*1 - 24/6. Let y(l) = l**2 - 2*l - 10. What are the prime factors of y(i)?
2, 7
Let i(z) = 5 - 10*z**2 + 6 + 2 + z**3 + 0 + 4*z. Let y(j) = 3*j**3 - 21*j**2 + 8*j + 26. Let b(m) = 5*i(m) - 2*y(m). What are the prime factors of b(-9)?
2, 29
Let z(b) = -4*b**3 - b**2 + 2*b + 2. Let s be z(-2). Suppose -6*j = -s - 148. What are the prime factors of j?
29
Suppose 3*b = b - 4. Let i(u) = 3*u**3 - 2*u**2 - 4*u + 7. Let l(x) = -x**3 - x**2 - x - 1. Let j(t) = b*l(t) - i(t). What are the prime factors of j(4)?
19
Suppose -3*p - c + 4*c = -42, 4 = -2*c. Let t = -450 + p. What are the prime factors of t/(-24) + 3/4?
19
Let s(z) = -5*z**3 + 48*z**2 - 72*z - 13. Let t(n) = n**3 - 12*n**2 + 18*n + 3. Let o(a) = -2*s(a) - 9*t(a). List the prime factors of o(-13).
2
Let w = 14 + -13. Let i = 1 + w. Suppose u + i = 7. What are the prime factors of u?
5
Let l = -41 - -41. Suppose l = 4*a - 2*o - 0*o - 70, -a + 3*o + 15 = 0. List the prime factors of a.
2, 3
Suppose -13*n - 4*y = -12*n - 3097, 4*n - 4*y - 12368 = 0. List the prime factors of n.
3, 1031
Suppose 29*r = 10*r + 3211. What are the prime factors of r?
13
Let n(s) = -7*s**3 - 9*s**2 - 23*s - 13. What are the prime factors of n(-3)?
2, 41
Suppose 4*k - h = 2*h + 20, -4*k + 5*h = -28. Suppose -k*x = x - 162. List the prime factors of x.
2, 3
Let h be 32/12 + (-2)/(-6). Let l be (11 + h)*(8 + -3). Suppose 0 = 6*x - l - 44. List the prime factors of x.
19
Suppose 0 = -m - 2*g, -2*m = 2*m - 4*g. Suppose m = -2*o - 15 + 27. List the prime factors of o.
2, 3
Let s(v) = 72*v - 21. Let r be s(6). Let j = r - 190. What are the prime factors of j?
13, 17
Suppose -132*l + 133*l = 729. What are the prime factors of l?
3
Let o = -7 - -2. Let w = 5 + o. Suppose 4*q - c = 44, 2*q + w*q = 4*c + 36. List the prime factors of q.
2, 5
Suppose -3*f + 1506 = f + 2*p, 4*p - 1884 = -5*f. List the prime factors of f.
2, 47
Let w(c) = c**2 - 15*c + 18. Suppose -5*f + 79 - 9 = 0. Let j be w(f). Suppose -j*d = 2 - 10. List the prime factors of d.
2
Let m = 49 - 45. Suppose 5*x + 357 = 4*t, m*t + 5*x - 2*x = 381. List the prime factors of t.
3, 31
Let t(n) = 2*n**3 - 4*n**2 + 3*n - 2. Let j be t(2). Suppose -q = -j*q + 9. Suppose q*c - 58 = c. List the prime factors of c.
29
Let r = 64 + -4. Let i = 205 + -206. List the prime factors of i + 3 - r/(-5).
2, 7
Let s = 2136 - 2135. Suppose t + 2 + 26 = 0. What are the prime factors of t/(-21)*(13 - s)?
2
Suppose -m = -0*m - 2779. List the prime factors of m.
7, 397
Let g be (-5)/(-20) + 115/20. List the prime factors of (2 + -20)*(-8)/g.
2, 3
Let l(m) = -2*m**2 + 11*m - 9. Let v(b) = -b**2 + 5*b - 4. Let d(w) = 4*l(w) - 9*v(w). Let o be d(2). Suppose o*r - 24 = 26. List the prime factors of r.
5
Let c(n) = 223*n**2 - 13*n - 14. List the prime factors of c(-4).
2, 3, 601
Let b(c) = c - 5. Let t be b(5). Suppose -10 = 5*u, 3*p + t*u + 4*u + 11 = 0. Let x(h) = -h + 2. List the prime factors of x(p).
3
Let b(u) be the third derivative of u**5/60 - u**4/4 + 2*u**3/3 + 37*u**2. What are the prime factors of b(-4)?
2, 11
What are the prime factors of 171/(-2)*-21*4/18?
3, 7, 19
Suppose -m = 30 - 203. List